{"id":202,"date":"2023-11-09T10:59:53","date_gmt":"2023-11-09T09:59:53","guid":{"rendered":"https:\/\/spzoz-siedlce.pl\/kuchnia\/?page_id=202"},"modified":"2026-03-18T14:28:50","modified_gmt":"2026-03-18T13:28:50","slug":"diety","status":"publish","type":"page","link":"https:\/\/spzoz-siedlce.pl\/kuchnia\/index.php\/diety\/","title":{"rendered":"Diety (materia\u0142y edukacyjne)"},"content":{"rendered":"\n<p>Maj\u0105c na wzgl\u0119dzie zdrowie pacjent\u00f3w naszego szpitala, chcemy zapewni\u0107 dost\u0119p do sprawdzonych i wiarygodnych informacji opartych na najnowszych badaniach naukowych.<\/p>\n\n\n\n<p>Materia\u0142y edukacyjne dotycz\u0105ce zdrowego od\u017cywiania dost\u0119pne s\u0105 m.in. na stronach Narodowego Centrum Edukacji \u017bywieniowej (NCEZ) <a href=\"https:\/\/ncez.pzh.gov.pl\/\" target=\"_blank\" rel=\"noreferrer noopener\">https:\/\/ncez.pzh.gov.pl\/<\/a>&nbsp;oraz Portalu Dietetycznego Narodowego Funduszu Zdrowia (NFZ) <a href=\"https:\/\/diety.nfz.gov.pl\/\" target=\"_blank\" rel=\"noreferrer noopener\">https:\/\/diety.nfz.gov.pl\/<\/a>&nbsp;.<\/p>\n\n\n\n<p>Poni\u017cej znajd\u0105 Pa\u0144stwo r\u00f3wnie\u017c materia\u0142y edukacyjne dotycz\u0105ce \u017cywienia opracowane przez Zesp\u00f3\u0142 Dietetyk\u00f3w naszej plac\u00f3wki.<\/p>\n\n\n\n<p><a href=\"https:\/\/spzoz-siedlce.pl\/kuchnia\/wp-content\/uploads\/2024\/05\/1Zalozenia-diety-kardiologicznej.-2docx.pdf\" data-type=\"link\" data-id=\"https:\/\/spzoz-siedlce.pl\/kuchnia\/wp-content\/uploads\/2024\/05\/1Zalozenia-diety-kardiologicznej.-2docx.pdf\">Za\u0142o\u017cenia diety kardiologicznej<\/a><\/p>\n\n\n\n<p><a href=\"https:\/\/spzoz-siedlce.pl\/kuchnia\/wp-content\/uploads\/2024\/01\/Zalecenia-zywieniowe-w-depresji.pdf\" data-type=\"link\" data-id=\"https:\/\/spzoz-siedlce.pl\/kuchnia\/wp-content\/uploads\/2024\/01\/Zalecenia-zywieniowe-w-depresji.pdf\">Zalecenia \u017cywieniowe w depresji<\/a><\/p>\n\n\n\n<p><a href=\"https:\/\/spzoz-siedlce.pl\/kuchnia\/wp-content\/uploads\/2024\/01\/Zalecenia-zywieniowe-w-nieswoistych-chorobach-zapalnych-jelit.pdf\" data-type=\"link\" data-id=\"https:\/\/spzoz-siedlce.pl\/kuchnia\/wp-content\/uploads\/2024\/01\/Zalecenia-zywieniowe-w-nieswoistych-chorobach-zapalnych-jelit.pdf\">Zalecenia \u017cywieniowe w nieswoistych chorobach zapalnych jelit<\/a><\/p>\n\n\n\n<p><a href=\"https:\/\/spzoz-siedlce.pl\/kuchnia\/wp-content\/uploads\/2024\/01\/Zalecenia-zywieniowe-w-uchylkowatosci-jelita-grubego-1.pdf\" data-type=\"link\" data-id=\"https:\/\/spzoz-siedlce.pl\/kuchnia\/wp-content\/uploads\/2024\/01\/Zalecenia-zywieniowe-w-uchylkowatosci-jelita-grubego-1.pdf\">Zalecenia \u017cywieniowe w uchy\u0142kowato\u015bci jelita grubego<\/a><\/p>\n\n\n\n<p><a href=\"https:\/\/spzoz-siedlce.pl\/kuchnia\/wp-content\/uploads\/2026\/03\/Dieta-latwostrawna-z-niskim-indeksem-glikemicznym.pdf\" data-type=\"link\" data-id=\"https:\/\/spzoz-siedlce.pl\/kuchnia\/wp-content\/uploads\/2026\/03\/Dieta-latwostrawna-z-niskim-indeksem-glikemicznym.pdf\">Dieta \u0142atwostrawna z niskim indeksem glikemicznym<\/a><\/p>\n\n\n\n<p><a href=\"https:\/\/spzoz-siedlce.pl\/kuchnia\/wp-content\/uploads\/2024\/01\/Dieta-niskobialkowa.pdf\" data-type=\"link\" data-id=\"https:\/\/spzoz-siedlce.pl\/kuchnia\/wp-content\/uploads\/2024\/01\/Dieta-niskobialkowa.pdf\">Dieta niskobia\u0142kowa<\/a><\/p>\n\n\n\n<p><a href=\"https:\/\/spzoz-siedlce.pl\/kuchnia\/wp-content\/uploads\/2024\/01\/Dieta-plynna-wzmocniona.pdf\" data-type=\"link\" data-id=\"https:\/\/spzoz-siedlce.pl\/kuchnia\/wp-content\/uploads\/2024\/01\/Dieta-plynna-wzmocniona.pdf\">Dieta p\u0142ynna wzmocniona<\/a><\/p>\n\n\n\n<p><a href=\"https:\/\/spzoz-siedlce.pl\/kuchnia\/wp-content\/uploads\/2025\/02\/Zalecenia-zywieniowe-Dieta-Podstawowa.pdf\" data-type=\"link\" data-id=\"https:\/\/spzoz-siedlce.pl\/kuchnia\/wp-content\/uploads\/2024\/01\/Zalecenia-zywieniowe-Dieta-Podstawowa.pdf\">Zalecenia \u017cywieniowe Dieta Podstawowa<\/a><\/p>\n\n\n\n<p><a href=\"https:\/\/spzoz-siedlce.pl\/kuchnia\/wp-content\/uploads\/2024\/01\/DIETA-WEGETARIANSKA.pdf\" data-type=\"link\" data-id=\"https:\/\/spzoz-siedlce.pl\/kuchnia\/wp-content\/uploads\/2024\/01\/DIETA-WEGETARIANSKA.pdf\">Dieta wegetaria\u0144ska<\/a><\/p>\n\n\n\n<p><a href=\"https:\/\/spzoz-siedlce.pl\/kuchnia\/wp-content\/uploads\/2024\/01\/Zalecenia-zywieniowe-w-ciazy-i-w-czasie-laktacji.pdf\" data-type=\"link\" data-id=\"https:\/\/spzoz-siedlce.pl\/kuchnia\/wp-content\/uploads\/2024\/01\/Zalecenia-zywieniowe-w-ciazy-i-w-czasie-laktacji.pdf\">Zalecenia \u017cywieniowe w ci\u0105\u017cy i w czasie laktacji<\/a><\/p>\n\n\n\n<p><a href=\"https:\/\/spzoz-siedlce.pl\/kuchnia\/wp-content\/uploads\/2024\/01\/Dieta-latwostrawna-bogatobialkowa.pdf\" data-type=\"link\" data-id=\"https:\/\/spzoz-siedlce.pl\/kuchnia\/wp-content\/uploads\/2024\/01\/Dieta-latwostrawna-bogatobialkowa.pdf\">Dieta \u0142atwostrawna bogatobia\u0142kowa<\/a><\/p>\n\n\n\n<p><a href=\"https:\/\/spzoz-siedlce.pl\/kuchnia\/wp-content\/uploads\/2024\/01\/Dieta-bogatoresztkowa.pdf\" data-type=\"link\" data-id=\"https:\/\/spzoz-siedlce.pl\/kuchnia\/wp-content\/uploads\/2024\/01\/Dieta-bogatoresztkowa.pdf\">Dieta bogatoresztkowa<\/a><\/p>\n\n\n\n<p><a href=\"https:\/\/spzoz-siedlce.pl\/kuchnia\/wp-content\/uploads\/2024\/01\/Dieta-latwo-strawna-z-ograniczeniem-substancji-pobudzajacych-wydzielanie-soku-zoladkowego1.pdf\" data-type=\"link\" data-id=\"https:\/\/spzoz-siedlce.pl\/kuchnia\/wp-content\/uploads\/2024\/01\/Dieta-latwo-strawna-z-ograniczeniem-substancji-pobudzajacych-wydzielanie-soku-zoladkowego1.pdf\">Dieta \u0142atwo strawna z ograniczeniem substancji pobudzaj\u0105cych wydzielanie soku \u017co\u0142\u0105dkowego<\/a><\/p>\n\n\n\n<p><a href=\"https:\/\/spzoz-siedlce.pl\/kuchnia\/wp-content\/uploads\/2023\/11\/Cukrzyca-ulotka.pdf\" data-type=\"link\" data-id=\"https:\/\/spzoz-siedlce.pl\/kuchnia\/wp-content\/uploads\/2023\/11\/Cukrzyca-ulotka.pdf\">Dieta dla cukrzyk\u00f3w<\/a><\/p>\n\n\n\n<p><a href=\"https:\/\/spzoz-siedlce.pl\/kuchnia\/wp-content\/uploads\/2023\/11\/Dieta-bezglutenowawa-Ulotka.pdf\" data-type=\"link\" data-id=\"https:\/\/spzoz-siedlce.pl\/kuchnia\/wp-content\/uploads\/2023\/11\/Dieta-bezglutenowawa-Ulotka.pdf\">Dieta bezglutenowa<\/a><\/p>\n\n\n\n<p><a href=\"https:\/\/spzoz-siedlce.pl\/kuchnia\/wp-content\/uploads\/2023\/11\/Dieta-latwostrawna-ulotka.pdf\" data-type=\"link\" data-id=\"https:\/\/spzoz-siedlce.pl\/kuchnia\/wp-content\/uploads\/2023\/11\/Dieta-latwostrawna-ulotka.pdf\">Dieta \u0142atwostrawna<\/a><\/p>\n\n\n\n<p><a href=\"https:\/\/spzoz-siedlce.pl\/kuchnia\/wp-content\/uploads\/2023\/11\/Dieta-Latwostrawna-z-ograniczeniem-tluszczu-Ulotka.pdf\" data-type=\"link\" data-id=\"https:\/\/spzoz-siedlce.pl\/kuchnia\/wp-content\/uploads\/2023\/11\/Dieta-Latwostrawna-z-ograniczeniem-tluszczu-Ulotka.pdf\">Dieta \u0142atwostrawna z ograniczeniem t\u0142uszczu<\/a><\/p>\n\n\n\n<p><a href=\"https:\/\/spzoz-siedlce.pl\/kuchnia\/wp-content\/uploads\/2023\/11\/Trzustka-Ulotka.pdf\" data-type=\"link\" data-id=\"https:\/\/spzoz-siedlce.pl\/kuchnia\/wp-content\/uploads\/2023\/11\/Trzustka-Ulotka.pdf\">Zalecenia \u017cywieniowe w przewlek\u0142ym zapaleniu trzustki<\/a><\/p>\n","protected":false},"excerpt":{"rendered":"<p>Maj\u0105c na wzgl\u0119dzie zdrowie pacjent\u00f3w naszego szpitala, chcemy zapewni\u0107 dost\u0119p do sprawdzonych i wiarygodnych informacji&#8230;<\/p>\n","protected":false},"author":1,"featured_media":0,"parent":0,"menu_order":0,"comment_status":"closed","ping_status":"closed","template":"","meta":{"footnotes":""},"class_list":["post-202","page","type-page","status-publish","hentry"],"_links":{"self":[{"href":"https:\/\/spzoz-siedlce.pl\/kuchnia\/index.php\/wp-json\/wp\/v2\/pages\/202","targetHints":{"allow":["GET"]}}],"collection":[{"href":"https:\/\/spzoz-siedlce.pl\/kuchnia\/index.php\/wp-json\/wp\/v2\/pages"}],"about":[{"href":"https:\/\/spzoz-siedlce.pl\/kuchnia\/index.php\/wp-json\/wp\/v2\/types\/page"}],"author":[{"embeddable":true,"href":"https:\/\/spzoz-siedlce.pl\/kuchnia\/index.php\/wp-json\/wp\/v2\/users\/1"}],"replies":[{"embeddable":true,"href":"https:\/\/spzoz-siedlce.pl\/kuchnia\/index.php\/wp-json\/wp\/v2\/comments?post=202"}],"version-history":[{"count":16,"href":"https:\/\/spzoz-siedlce.pl\/kuchnia\/index.php\/wp-json\/wp\/v2\/pages\/202\/revisions"}],"predecessor-version":[{"id":5720,"href":"https:\/\/spzoz-siedlce.pl\/kuchnia\/index.php\/wp-json\/wp\/v2\/pages\/202\/revisions\/5720"}],"wp:attachment":[{"href":"https:\/\/spzoz-siedlce.pl\/kuchnia\/index.php\/wp-json\/wp\/v2\/media?parent=202"}],"curies":[{"name":"wp","href":"https:\/\/api.w.org\/{rel}","templated":true}]}}